{"id":4055,"date":"2023-06-28T12:54:41","date_gmt":"2023-06-28T12:54:41","guid":{"rendered":"https:\/\/museum-grafenwoehr.de\/events\/konzert-spirit-of-portugal-tuna-der-tuist-universitaet-lissabon\/"},"modified":"2023-06-28T12:54:41","modified_gmt":"2023-06-28T12:54:41","slug":"konzert-spirit-of-portugal-tuna-der-tuist-universitaet-lissabon","status":"publish","type":"mec-events","link":"https:\/\/museum-grafenwoehr.de\/en\/events\/konzert-spirit-of-portugal-tuna-der-tuist-universitaet-lissabon\/","title":{"rendered":"Talk about Elvis &#8211; Rock&#8217;n&#8217;Roll &#038; Nostalgie"},"content":{"rendered":"<p><strong>Mein Leben mit dem King<\/strong><\/p>\n<p>Elvis-Fans aufgepasst! Am Freitag, 31.01.2025, um 19 Uhr l\u00e4dt der Heimatverein Grafenw\u00f6hr zu einem besonderen Abend ein, der ganz im Zeichen des King of Rock\u2019n\u2019Roll steht. Im neuen Foyer des Kultur- und Milit\u00e4rmuseums Grafenw\u00f6hr kommt Kulturjournalist Stefan Voit mit Elvis-Kenner, Fan und Sammler Wolfgang Houschka ins Gespr\u00e4ch. Houschka erz\u00e4hlt, wie \u00a0Elvis sein Leben gepr\u00e4gt hat. Er berichtet \u00fcber Elvis\u2018 Karriere, seine Aufenthalte in der Oberpfalz und seinen Einfluss auf die Musikgeschichte. Es werden Bilder mit Plattencovern, Erinnerungsst\u00fccken und Fotos von Elvis gezeigt. Diese visuellen Highlights werden das Gespr\u00e4ch unterstreichen und einen Einblick in das Leben des legend\u00e4ren K\u00fcnstlers geben. Wir freuen uns auf einen unvergesslichen Abend voller Nostalgie! Der Eintritt an diesem Abend ist frei.<\/p>\n<p><img loading=\"lazy\" decoding=\"async\" class=\"alignnone wp-image-4032\" src=\"https:\/\/museum-grafenwoehr.de\/wp-content\/uploads\/2025\/01\/Micky-Bar_Grafenwoehr_Quelle-Raimund-Rodler-293x300.jpg\" alt=\"\" width=\"271\" height=\"277\" srcset=\"https:\/\/museum-grafenwoehr.de\/wp-content\/uploads\/2025\/01\/Micky-Bar_Grafenwoehr_Quelle-Raimund-Rodler-293x300.jpg 293w, https:\/\/museum-grafenwoehr.de\/wp-content\/uploads\/2025\/01\/Micky-Bar_Grafenwoehr_Quelle-Raimund-Rodler-999x1024.jpg 999w, https:\/\/museum-grafenwoehr.de\/wp-content\/uploads\/2025\/01\/Micky-Bar_Grafenwoehr_Quelle-Raimund-Rodler-768x787.jpg 768w, https:\/\/museum-grafenwoehr.de\/wp-content\/uploads\/2025\/01\/Micky-Bar_Grafenwoehr_Quelle-Raimund-Rodler.jpg 1200w\" sizes=\"auto, (max-width: 271px) 100vw, 271px\" \/><\/p>\n<p>&nbsp;<\/p>\n<section class=\"em-event-content\"><\/section>\n<p>&nbsp;<\/p>\n","protected":false},"excerpt":{"rendered":"<p>Mein Leben mit dem King Elvis-Fans aufgepasst! Am Freitag, 31.01.2025, um 19 Uhr l\u00e4dt der Heimatverein Grafenw\u00f6hr zu einem besonderen Abend ein, der ganz im Zeichen des King of Rock\u2019n\u2019Roll steht. Im neuen Foyer des Kultur- und Milit\u00e4rmuseums Grafenw\u00f6hr kommt Kulturjournalist Stefan Voit mit Elvis-Kenner, Fan und Sammler Wolfgang Houschka ins Gespr\u00e4ch. Houschka erz\u00e4hlt, wie&hellip;<\/p>\n","protected":false},"author":4,"featured_media":4030,"comment_status":"closed","ping_status":"closed","template":"","tags":[],"mec_category":[],"class_list":["post-4055","mec-events","type-mec-events","status-publish","has-post-thumbnail","hentry","description-off"],"_links":{"self":[{"href":"https:\/\/museum-grafenwoehr.de\/en\/wp-json\/wp\/v2\/mec-events\/4055","targetHints":{"allow":["GET"]}}],"collection":[{"href":"https:\/\/museum-grafenwoehr.de\/en\/wp-json\/wp\/v2\/mec-events"}],"about":[{"href":"https:\/\/museum-grafenwoehr.de\/en\/wp-json\/wp\/v2\/types\/mec-events"}],"author":[{"embeddable":true,"href":"https:\/\/museum-grafenwoehr.de\/en\/wp-json\/wp\/v2\/users\/4"}],"replies":[{"embeddable":true,"href":"https:\/\/museum-grafenwoehr.de\/en\/wp-json\/wp\/v2\/comments?post=4055"}],"wp:featuredmedia":[{"embeddable":true,"href":"https:\/\/museum-grafenwoehr.de\/en\/wp-json\/wp\/v2\/media\/4030"}],"wp:attachment":[{"href":"https:\/\/museum-grafenwoehr.de\/en\/wp-json\/wp\/v2\/media?parent=4055"}],"wp:term":[{"taxonomy":"post_tag","embeddable":true,"href":"https:\/\/museum-grafenwoehr.de\/en\/wp-json\/wp\/v2\/tags?post=4055"},{"taxonomy":"mec_category","embeddable":true,"href":"https:\/\/museum-grafenwoehr.de\/en\/wp-json\/wp\/v2\/mec_category?post=4055"}],"curies":[{"name":"wp","href":"https:\/\/api.w.org\/{rel}","templated":true}]}}

<p><strong>Mein Leben mit dem King</strong></p>
<p>Elvis-Fans aufgepasst! Am Freitag, 31.01.2025, um 19 Uhr lädt der Heimatverein Grafenwöhr zu einem besonderen Abend ein, der ganz im Zeichen des King of Rock’n’Roll steht. Im neuen Foyer des Kultur- und Militärmuseums Grafenwöhr kommt Kulturjournalist Stefan Voit mit Elvis-Kenner, Fan und Sammler Wolfgang Houschka ins Gespräch. Houschka erzählt, wie  Elvis sein Leben geprägt hat. Er berichtet über Elvis‘ Karriere, seine Aufenthalte in der Oberpfalz und seinen Einfluss auf die Musikgeschichte. Es werden Bilder mit Plattencovern, Erinnerungsstücken und Fotos von Elvis gezeigt. Diese visuellen Highlights werden das Gespräch unterstreichen und einen Einblick in das Leben des legendären Künstlers geben. Wir freuen uns auf einen unvergesslichen Abend voller Nostalgie! Der Eintritt an diesem Abend ist frei.</p>
<p><img loading="lazy" decoding="async" class="alignnone wp-image-4032" src="https://museum-grafenwoehr.de/wp-content/uploads/2025/01/Micky-Bar_Grafenwoehr_Quelle-Raimund-Rodler-293x300.jpg" alt="" width="271" height="277" srcset="https://museum-grafenwoehr.de/wp-content/uploads/2025/01/Micky-Bar_Grafenwoehr_Quelle-Raimund-Rodler-293x300.jpg 293w, https://museum-grafenwoehr.de/wp-content/uploads/2025/01/Micky-Bar_Grafenwoehr_Quelle-Raimund-Rodler-999x1024.jpg 999w, https://museum-grafenwoehr.de/wp-content/uploads/2025/01/Micky-Bar_Grafenwoehr_Quelle-Raimund-Rodler-768x787.jpg 768w, https://museum-grafenwoehr.de/wp-content/uploads/2025/01/Micky-Bar_Grafenwoehr_Quelle-Raimund-Rodler.jpg 1200w" sizes="auto, (max-width: 271px) 100vw, 271px" /></p>
<p>&nbsp;</p>
<section class="em-event-content"></section>
<p>&nbsp;</p>

<p>Mein Leben mit dem King Elvis-Fans aufgepasst! Am Freitag, 31.01.2025, um 19 Uhr lädt der Heimatverein Grafenwöhr zu einem besonderen Abend ein, der ganz im Zeichen des King of Rock’n’Roll steht. Im neuen Foyer des Kultur- und Militärmuseums Grafenwöhr kommt Kulturjournalist Stefan Voit mit Elvis-Kenner, Fan und Sammler Wolfgang Houschka ins Gespräch. Houschka erzählt, wie&hellip;</p>
