{"id":4050,"date":"2023-02-23T14:45:51","date_gmt":"2023-02-23T14:45:51","guid":{"rendered":"https:\/\/museum-grafenwoehr.de\/events\/3492\/"},"modified":"2025-02-20T14:32:03","modified_gmt":"2025-02-20T14:32:03","slug":"3492","status":"publish","type":"mec-events","link":"https:\/\/museum-grafenwoehr.de\/en\/events\/3492\/","title":{"rendered":"80 Jahre Frieden &#8211; Bildervortrag Buchvorstellung"},"content":{"rendered":"<p>Der Heimatverein Grafenw\u00f6hr l\u00e4dt Interessierte am Sonntag, 13. April 2025 um 17 Uhr zu einem Bildervortrag mit Gerald Morgenstern und einer Buchvorstellung mit Christine Ascherl in das Foyer des Kultur- und Milit\u00e4rmuseums ein. Dieser besondere Abend ist dem Thema \u201e80 Jahre Frieden\u201c gewidmet. Der 5. April und der Wei\u00dfe Sonntag am 8. April 1945 wurden zu Grafenw\u00f6hrs schw\u00e4rzesten Tagen. Gerald Morgenstern hat sich als ehemaliger Soldat und Kenner des Truppen\u00fcbungsplatzes mit den Berichten vom April 1945 befasst. Es werden Bilder \u00fcber die Zerst\u00f6rung des Hauptlagers und gro\u00dfer Teile der Stadt Grafenw\u00f6hr in Gegen\u00fcberstellung von heute sowie ein Filmdokument gezeigt. Der Vortrag beleuchtet die Bombardierung sowie den Einmarsch der Amerikaner und deren 80-j\u00e4hrige Pr\u00e4senz in der Stadt.<\/p>\n<p>Anl\u00e4sslich des 80. Jahrestages des Kriegsendes gibt der Battenberg-Bayerland-Verlag das Buch \u201eSie kommen! Die letzten Kriegstage in der Oberpfalz 1945&#8243; noch einmal heraus. Die \u00fcberarbeitete und erweiterte Neuauflage enth\u00e4lt rund 70 Beitr\u00e4ge von Autoren aus der ganzen n\u00f6rdlichen Oberpfalz, dazu bislang unbekanntes Foto- und Textmaterial. Herausgeberin Christine Ascherl und Autor Gerald Morgenstern stellen das Buch vor. Kulturjournalist Stefan Voit f\u00fchrt durch den Abend. Eintritt ist an diesem Abend frei.<\/p>\n<p>&nbsp;<\/p>\n","protected":false},"excerpt":{"rendered":"<p>Der Heimatverein Grafenw\u00f6hr l\u00e4dt Interessierte am Sonntag, 13. April 2025 um 17 Uhr zu einem Bildervortrag mit Gerald Morgenstern und einer Buchvorstellung mit Christine Ascherl in das Foyer des Kultur- und Milit\u00e4rmuseums ein. Dieser besondere Abend ist dem Thema \u201e80 Jahre Frieden\u201c gewidmet. Der 5. April und der Wei\u00dfe Sonntag am 8. April 1945 wurden&hellip;<\/p>\n","protected":false},"author":4,"featured_media":4116,"comment_status":"closed","ping_status":"closed","template":"","tags":[],"mec_category":[],"class_list":["post-4050","mec-events","type-mec-events","status-publish","has-post-thumbnail","hentry","description-off"],"_links":{"self":[{"href":"https:\/\/museum-grafenwoehr.de\/en\/wp-json\/wp\/v2\/mec-events\/4050","targetHints":{"allow":["GET"]}}],"collection":[{"href":"https:\/\/museum-grafenwoehr.de\/en\/wp-json\/wp\/v2\/mec-events"}],"about":[{"href":"https:\/\/museum-grafenwoehr.de\/en\/wp-json\/wp\/v2\/types\/mec-events"}],"author":[{"embeddable":true,"href":"https:\/\/museum-grafenwoehr.de\/en\/wp-json\/wp\/v2\/users\/4"}],"replies":[{"embeddable":true,"href":"https:\/\/museum-grafenwoehr.de\/en\/wp-json\/wp\/v2\/comments?post=4050"}],"wp:featuredmedia":[{"embeddable":true,"href":"https:\/\/museum-grafenwoehr.de\/en\/wp-json\/wp\/v2\/media\/4116"}],"wp:attachment":[{"href":"https:\/\/museum-grafenwoehr.de\/en\/wp-json\/wp\/v2\/media?parent=4050"}],"wp:term":[{"taxonomy":"post_tag","embeddable":true,"href":"https:\/\/museum-grafenwoehr.de\/en\/wp-json\/wp\/v2\/tags?post=4050"},{"taxonomy":"mec_category","embeddable":true,"href":"https:\/\/museum-grafenwoehr.de\/en\/wp-json\/wp\/v2\/mec_category?post=4050"}],"curies":[{"name":"wp","href":"https:\/\/api.w.org\/{rel}","templated":true}]}}

<p>Der Heimatverein Grafenwöhr lädt Interessierte am Sonntag, 13. April 2025 um 17 Uhr zu einem Bildervortrag mit Gerald Morgenstern und einer Buchvorstellung mit Christine Ascherl in das Foyer des Kultur- und Militärmuseums ein. Dieser besondere Abend ist dem Thema „80 Jahre Frieden“ gewidmet. Der 5. April und der Weiße Sonntag am 8. April 1945 wurden zu Grafenwöhrs schwärzesten Tagen. Gerald Morgenstern hat sich als ehemaliger Soldat und Kenner des Truppenübungsplatzes mit den Berichten vom April 1945 befasst. Es werden Bilder über die Zerstörung des Hauptlagers und großer Teile der Stadt Grafenwöhr in Gegenüberstellung von heute sowie ein Filmdokument gezeigt. Der Vortrag beleuchtet die Bombardierung sowie den Einmarsch der Amerikaner und deren 80-jährige Präsenz in der Stadt.</p>
<p>Anlässlich des 80. Jahrestages des Kriegsendes gibt der Battenberg-Bayerland-Verlag das Buch „Sie kommen! Die letzten Kriegstage in der Oberpfalz 1945&#8243; noch einmal heraus. Die überarbeitete und erweiterte Neuauflage enthält rund 70 Beiträge von Autoren aus der ganzen nördlichen Oberpfalz, dazu bislang unbekanntes Foto- und Textmaterial. Herausgeberin Christine Ascherl und Autor Gerald Morgenstern stellen das Buch vor. Kulturjournalist Stefan Voit führt durch den Abend. Eintritt ist an diesem Abend frei.</p>
<p>&nbsp;</p>

<p>Der Heimatverein Grafenwöhr lädt Interessierte am Sonntag, 13. April 2025 um 17 Uhr zu einem Bildervortrag mit Gerald Morgenstern und einer Buchvorstellung mit Christine Ascherl in das Foyer des Kultur- und Militärmuseums ein. Dieser besondere Abend ist dem Thema „80 Jahre Frieden“ gewidmet. Der 5. April und der Weiße Sonntag am 8. April 1945 wurden&hellip;</p>
